 j = -22 + 24. Calculate f(j).
5
Let n = 30 + -21. Suppose 0*t + 3*t = -2*y + 11, -3*y + 3*t = -n. Let z(h) be the third derivative of -h**6/120 + h**5/15 - 7*h**2. Calculate z(y).
0
Let u(j) be the first derivative of -2*j**3/3 - j**2/2 + 1. Give u(-2).
-6
Let l(a) = -2*a**2 + 11*a - 23. Let k(m) = -m**2 + 6*m - 11. Let j(x) = -7*k(x) + 3*l(x). Calculate j(7).
-6
Let m(f) be the third derivative of -3*f**2 + 0*f + 0*f**3 - 1/8*f**4 + 0. Determine m(-5).
15
Let n be 0/(-3 + (3 - -1)). Suppose n*p = -p - 2. Let k(b) be the second derivative of -b**3/3 + b**2/2 - b. What is k(p)?
5
Let f(j) = -3*j. Let c be f(-1). Let s(r) = -5*r - 3. Give s(c).
-18
Let m(p) = p**2 + 12*p + 13. Let k be ((-14 - 6) + 1 + -3)/2. Determine m(k).
2
Let x(u) = 2*u**3 + 12*u**2 - 9*u - 4. Let o(h) = -h**3 - 6*h**2 + 4*h + 2. Let i(w) = 7*o(w) + 3*x(w). Let b be i(-6). Let a(q) = q + 6. Give a(b).
2
Let x(y) be the third derivative of y**4/24 - y**3/2 + 42*y**2. Give x(6).
3
Let z(c) = -11*c**2 - 6*c - 15. Let i(v) = -5*v**2 - 3*v - 7. Let u(y) = -7*i(y) + 3*z(y). What is u(-3)?
13
Let l(s) = -3*s + 1. Let v(h) = -2*h + 1. Let d = -9 - -4. Let y(p) = d*v(p) + 3*l(p). Suppose -2*b + 16 = 10. What is y(b)?
1
Let o(i) be the first derivative of -2*i**3/3 - 5*i**2/2 - 2*i + 4. Give o(-3).
-5
Let k(q) be the first derivative of 3*q**2 - q - 1. Let a(t) = -t**2 - 3*t + 1. Suppose 3*z - d + 7 = -6, 5*z = -2*d - 7. Let o be a(z). Give k(o).
5
Let o(x) be the second derivative of x**4/12 + 2*x**3/3 + x**2 + 49*x. Determine o(-3).
-1
Suppose -3*y - 13 = 2*n - 0*y, 5*n - 4*y = -21. Let p(o) = o. Give p(n).
-5
Suppose 2*r + 2*r = 8. Suppose 0*w = -w + 2. Let q(s) = s - 2*s**3 + 2*s**w + s**3 - s**r - 2. Determine q(-2).
8
Let n(c) = -c**2 - 12*c + 6. Suppose -3*o = -f + 43, 2*f + 2 = 10. What is n(o)?
-7
Let p(v) = v**2 - 5*v - 3. Let a(o) = o**3 + 6*o**2 - 3. Let y be a(-6). Let d be y/(-12) + 23/4. Let f be d/(-9) - (-28)/6. Give p(f).
-7
Let x(h) = h**2 + 8*h + 6. Let v = -10 - -5. Let j(n) = n**3 + 6*n**2 + 5*n + 5. Let k be j(v). Let l = k - 10. Give x(l).
-9
Let n(o) = 2*o - 12. Suppose -3*k - y + 22 = 0, 26 = 7*k - 2*k - y. Calculate n(k).
0
Let z(v) be the first derivative of -v**3/3 - 3*v**2 + 3*v + 1. Determine z(-6).
3
Let i(f) be the first derivative of 0*f**2 + 0*f + 3/8*f**4 + 1/120*f**5 + 2 - 1/3*f**3. Let d(u) be the third derivative of i(u). What is d(0)?
9
Let q(t) = -4*t**3. Let m be q(-1). Let j(p) = 3 - 48*p**2 + 5*p - 3 + 47*p**2. What is j(m)?
4
Let f(d) = d + 5. Let k(m) be the first derivative of -m**3/3 - 5*m**2/2 + 10*m + 4. Let x be k(-7). Give f(x).
1
Let h = -2 + 2. Let z(y) be the third derivative of 0 - y**3 + 1/24*y**4 + 0*y**5 + 2*y**2 - 1/120*y**6 + 0*y. What is z(h)?
-6
Let y be 2/4 + 20/8. Let j = -1 + y. Let u(z) = -3*z**3 - z**2 - 6*z + 5. Let n(o) = -4*o**3 - o**2 - 7*o + 6. Let l(p) = 4*n(p) - 5*u(p). Calculate l(j).
-1
Suppose 4*c - 3 = 1, 5*c = 4*g - 11. Let o(v) be the second derivative of 3*v**2 + 2/3*v**3 + 0 - 1/12*v**g - v. Calculate o(5).
1
Let f(d) = d**2 + 6*d + 4. Suppose 4*n = r + 2*r + 8, -3*n = -5*r - 17. Calculate f(r).
-4
Let p(n) = -n**3 - 5*n**2 + n - 1. Suppose 2*b = 2*j - 6, 0 = b + 2*b + j - 11. Let y be 2 - 4 - (1 + b). Give p(y).
-6
Let p(x) be the third derivative of x**5/60 - x**4/6 + x**3/6 + x**2. Suppose 3*i - 3 = 2*i. Suppose i*h + h - 20 = 0. Determine p(h).
6
Let p(w) = 3*w + w**2 - w + 3*w. Give p(-6).
6
Let o be 4 - 3 - (1 - -1). Let s be 3 + -1 + 2/o. Let v(f) be the third derivative of f**5/60 + f**4/24 - f**3 - 2*f**2. Give v(s).
-6
Let y be (-93)/(-21) - 9/21. Let n(d) = -2*d - 7. Let m(f) = 3*f + 8. Let k(q) = 5*m(q) + 6*n(q). Calculate k(y).
10
Let l(q) be the third derivative of -q**4/8 - q**3/6 - 5*q**2. Let s = -30 + 27. Determine l(s).
8
Let v be -2 + 0 + 2*1. Let k(d) = 7*d + v*d**2 - 3*d - 6*d**2 + d**3. Let x be -2*(-10)/(-4)*-1. Determine k(x).
-5
Let x(a) be the first derivative of -a**4/4 - 2*a**3/3 + 3*a**2/2 - 2*a - 38. Determine x(-3).
-2
Let p(j) = j + 2. Let o(l) = 5*l + 9. Let m(w) = -2*o(w) + 9*p(w). Let h(q) = q**2 - 2*q - 4. Let s be h(4). Give m(s).
-4
Let j(g) = 3*g**2 + 3*g - 8. Let y be (-94)/(-14) + (-4)/(-14). Let o(s) = -s**2 - 2 + 1 + 2*s + 4 - 3*s. Let p(n) = y*o(n) + 2*j(n). What is p(0)?
5
Suppose -b - 3*r + 6 = 0, 4*r = -2*b + 3*b + 22. Let n(s) = s**3 + 5*s**2 - 7*s + 8. Give n(b).
14
Let y(j) be the first derivative of -j**4/4 + 2*j**3 + j**2/2 - 4*j - 3. Give y(6).
2
Let x(n) = -n**3 - n**2 + 4. Let i be x(-3). Let u be 20/(-50) - i/(-5). Let q(t) = -t**3 + 5*t**2 - 6*t + 3. What is q(u)?
-5
Let p(s) = 1 + 9651*s**2 - 9*s - 11 - 9650*s**2. What is p(9)?
-10
Let i = -9 - -13. Let y(u) = i*u + u**2 - 3*u + 0*u - 3*u. What is y(4)?
8
Let j(w) = w**3 + 12*w**2 + 10*w - 7. Let h(g) = -g**3 - 12*g**2 - 10*g + 6. Let t(y) = -3*h(y) - 4*j(y). Determine t(-11).
-1
Let m(b) = -b**3 + 2*b**2 + b + 1. Let p = -7 + 11. Suppose p*z = 2*z + 6. Let i be m(z). Let d(r) = -r**2 - 5*r - 2. Calculate d(i).
-2
Let s(m) = -13*m**2 + 2*m + 1. Suppose -2*x - w + 5 = 7, -2*w = 0. Give s(x).
-14
Suppose 4*y = -g - y + 35, -g - 2*y + 26 = 0. Let t(s) = s**2 + g*s - 20*s. Suppose o + 2 = 1. Calculate t(o).
1
Let b(c) = -4*c. Let w be 142/10 + (-4)/20. Suppose -4*j - 4*v = -6*v - w, 4*j + 2*v - 2 = 0. Determine b(j).
-8
Let s = -44 + 44. Let b(c) be the third derivative of -2/3*c**3 + 1/12*c**4 + s*c + 2*c**2 + 1/120*c**6 + 0 - 1/15*c**5. Calculate b(4).
4
Let m(j) = -j**3 + 7*j**2 + 7*j + 7. Let x(o) = -3*o - 25. Let n be x(-11). Give m(n).
-1
Let t be (-4)/(-2) - (2 + -2). Suppose 6*l - t*l = 8. Let n(r) = -2*r**2 + 2*r. Calculate n(l).
-4
Let a = 8 + -12. Let n(i) = -2*i + 5. Let c(z) = -3*z + 9. Let k(v) = 6*c(v) - 10*n(v). Give k(a).
-4
Let g(o) = -o**2 - 3*o + 1. Let i be g(-2). Suppose -i = 2*l + 1. Let y(z) = -z - 3. Determine y(l).
-1
Let z(a) = 5. Let k(j) = -49. Let n(c) = 2*k(c) + 21*z(c). Let q(l) = -l + 6. Let x(w) = -3*n(w) + 4*q(w). Give x(2).
-5
Let h(i) = 7*i. Let o(r) = 4*r. Suppose 5*n + 0*k - 2*k = -22, -5*k = -4*n - 4. Let x(f) = n*h(f) + 11*o(f). Suppose -7*b + 2*b = 10. Determine x(b).
-4
Let s(f) = -f**2 - 12*f - 5. Let i be 34/8 + (-11)/44 - 14. Determine s(i).
15
Let m be (-33)/(-11) - (-1 + 2). Let p(a) = m - 4*a - 1 - 3*a**2 + 2*a**2 + 9*a**3 + 5*a. Determine p(-1).
-10
Let p(v) = -v**2 - 9*v - 2. Let s(b) = b**3 - 4*b**2 - 2*b. Let l be s(4). Let c be p(l). Suppose 3 + c = -3*k. Let m(a) = -4*a - 2. What is m(k)?
10
Let q(x) = x - 4*x**2 + x**3 - 3 - 3*x - x. Suppose 0*v = 4*i + 2*v - 10, i = 2*v + 15. Determine q(i).
7
Let k be (-1)/(-1 - (-2)/4). Let x be 3/k*(-4)/(-6). Let m(i) be the second derivative of i**3/6 - 2*i. What is m(x)?
1
Let v = 4 - 3. Suppose f + v = -1. Let a(c) = -c. Determine a(f).
2
Suppose 0 = -w + 3*w - 3*q + 19, -51 = 5*w - 4*q. Let g(l) = -l - 7. Calculate g(w).
4
Let f(d) be the second derivative of d**4/4 - d**3/6 + d**2/2 - d. Give f(-2).
15
Let j(u) = -u - 1. Let d(w) = -w - 1. Let k be d(0). Let a = 0 + k. Let c = 5 + a. Calculate j(c).
-5
Let c = -1 - -6. Let u(z) = -z - z**2 + 2 + c*z - 3*z. Suppose g = 1 + 2. Calculate u(g).
-4
Let t(a) = -a**2 + 5*a - 3. Suppose -29*w = -13*w - 80. Calculate t(w).
-3
Let s(x) = -2*x**2 + 5*x + 3. Suppose 2*b - 20 = -3*b. What is s(b)?
-9
Let p(s) = 10 - 11*s - 31 - 6. Let z(w) = -7*w - 18. Let y(v) = -7*v - 18. Let d(u) = 5*y(u) - 4*z(u). Let m(r) = 8*d(r) - 5*p(r). Determine m(0).
-9
Let a(u) = -u + 2. Let p = 11 - 8. Suppose -p*b - 21 - 12 = 0. Let r = b - -16. Calculate a(r).
-3
Let q(i) = -3*i. Suppose 3*n = -3*d + 4*n - 13, n - 18 = 4*d. Let k(g) = -g**2 - 5*g - 3. Let x be k(d). Determine q(x).
9
Let d(w) be the first derivative of -w**5/60 - 2*w**2 - 2. Let f(n) be the second derivative of d(n). Calculate f(0).
0
Let h(a) = -a + 11. Let s(o) = 3*o**2 - 3*o + 2. Let y be s(3). Let f be (-2)/5 + 8/y. Calculate h(f).
11
Let k = 23 + -19. Let g(a) be the first derivative of a**2/2 + 2*a - 2. Calculate g(k).
6
Let f(c) = -c**2 + 2*c + 3. Let v(u) = u**2 - u. Let j(q) = -5*q**2 + 9*q + 3. Let x(b) = j(b) + 4*v(b). Let l be x(5). Let i = l - 5. What is f(i)?
-5
Let b(w) = -2*w + w - 4 + 2. Let g be b(-4). Let o(y) = -3*y + 4 - y**g + 0 + 2*y**2. What is o(4)?
8
Let g(a) = -a**2 + 4*a + 3. Let f 